[INFO] cloning repository https://github.com/haze/dorothy2
[INFO] running `Command { std: "git" "-c" "credential.helper=" "-c" "credential.helper=/workspace/cargo-home/bin/git-credential-null" "clone" "--bare" "https://github.com/haze/dorothy2" "/workspace/cache/git-repos/https%3A%2F%2Fgithub.com%2Fhaze%2Fdorothy2", kill_on_drop: false }`
[INFO] [stderr] Cloning into bare repository '/workspace/cache/git-repos/https%3A%2F%2Fgithub.com%2Fhaze%2Fdorothy2'...
[INFO] running `Command { std: "git" "rev-parse" "HEAD", kill_on_drop: false }`
[INFO] [stdout] 899856262f5aeb69e1fa878679979e07d216ee30
[INFO] building haze/dorothy2 against master#881c1ac408d93bb7adaa3a51dabab9266e82eee8 for issue-85264
[INFO] running `Command { std: "git" "clone" "/workspace/cache/git-repos/https%3A%2F%2Fgithub.com%2Fhaze%2Fdorothy2" "/workspace/builds/worker-7/source", kill_on_drop: false }`
[INFO] [stderr] Cloning into '/workspace/builds/worker-7/source'...
[INFO] [stderr] done.
[INFO] validating manifest of git repo https://github.com/haze/dorothy2 on toolchain 881c1ac408d93bb7adaa3a51dabab9266e82eee8
[INFO] running `Command { std: "/workspace/cargo-home/bin/cargo" "+881c1ac408d93bb7adaa3a51dabab9266e82eee8" "metadata" "--manifest-path" "Cargo.toml" "--no-deps", kill_on_drop: false }`
[INFO] started tweaking git repo https://github.com/haze/dorothy2
[INFO] finished tweaking git repo https://github.com/haze/dorothy2
[INFO] tweaked toml for git repo https://github.com/haze/dorothy2 written to /workspace/builds/worker-7/source/Cargo.toml
[INFO] crate git repo https://github.com/haze/dorothy2 already has a lockfile, it will not be regenerated
[INFO] running `Command { std: "/workspace/cargo-home/bin/cargo" "+881c1ac408d93bb7adaa3a51dabab9266e82eee8" "fetch" "--manifest-path" "Cargo.toml", kill_on_drop: false }`
[INFO] [stderr]  Downloading crates ...
[INFO] [stderr]   Downloaded async-io v1.1.6
[INFO] [stderr]   Downloaded serde_qs v0.7.0
[INFO] [stderr]   Downloaded unicode-normalization-alignments v0.1.12
[INFO] [stderr]   Downloaded cached-path v0.4.5
[INFO] [stderr]   Downloaded torch-sys v0.2.1
[INFO] [stderr]   Downloaded command_attr v0.3.0-rc.2
[INFO] [stderr]   Downloaded ordered-float v2.0.0
[INFO] [stderr]   Downloaded rust_tokenizers v6.0.0
[INFO] [stderr]   Downloaded http-client v6.0.0
[INFO] [stderr]   Downloaded zip-extensions v0.5.0
[INFO] [stderr]   Downloaded curl v0.4.33
[INFO] [stderr]   Downloaded wepoll-sys-stjepang v1.0.8
[INFO] [stderr]   Downloaded nb-connect v1.0.1
[INFO] [stderr]   Downloaded isahc v0.9.10
[INFO] [stderr]   Downloaded rust-bert v0.11.0
[INFO] [stderr]   Downloaded http-types v2.5.0
[INFO] [stderr]   Downloaded surf v2.0.0-alpha.7
[INFO] [stderr]   Downloaded pin-project-lite v0.1.9
[INFO] [stderr]   Downloaded serenity v0.9.0-rc.2
[INFO] [stderr]   Downloaded tch v0.2.1
[INFO] [stderr]   Downloaded curl-sys v0.4.36+curl-7.71.1
[INFO] running `Command { std: "docker" "create" "-v" "/var/lib/crater-agent-workspace/builds/worker-7/target:/opt/rustwide/target:rw,Z" "-v" "/var/lib/crater-agent-workspace/builds/worker-7/source:/opt/rustwide/workdir:ro,Z" "-v" "/var/lib/crater-agent-workspace/cargo-home:/opt/rustwide/cargo-home:ro,Z" "-v" "/var/lib/crater-agent-workspace/rustup-home:/opt/rustwide/rustup-home:ro,Z" "-e" "SOURCE_DIR=/opt/rustwide/workdir" "-e" "CARGO_TARGET_DIR=/opt/rustwide/target" "-e" "CARGO_HOME=/opt/rustwide/cargo-home" "-e" "RUSTUP_HOME=/opt/rustwide/rustup-home" "-w" "/opt/rustwide/workdir" "-m" "1610612736" "--user" "0:0" "--network" "none" "ghcr.io/rust-lang/crates-build-env/linux@sha256:20528e8c29e4536546f0102ce88568b16ea7538393a33fcca951030f7af10457" "/opt/rustwide/cargo-home/bin/cargo" "+881c1ac408d93bb7adaa3a51dabab9266e82eee8" "metadata" "--no-deps" "--format-version=1", kill_on_drop: false }`
[INFO] [stdout] 295c624efb966d0f53e69c3243cdf2eac47906dfe102723096a673d95b73ae35
[INFO] [stderr] WARNING: Your kernel does not support swap limit capabilities or the cgroup is not mounted. Memory limited without swap.
[INFO] running `Command { std: "docker" "start" "-a" "295c624efb966d0f53e69c3243cdf2eac47906dfe102723096a673d95b73ae35", kill_on_drop: false }`
[INFO] running `Command { std: "docker" "inspect" "295c624efb966d0f53e69c3243cdf2eac47906dfe102723096a673d95b73ae35", kill_on_drop: false }`
[INFO] running `Command { std: "docker" "rm" "-f" "295c624efb966d0f53e69c3243cdf2eac47906dfe102723096a673d95b73ae35", kill_on_drop: false }`
[INFO] [stdout] 295c624efb966d0f53e69c3243cdf2eac47906dfe102723096a673d95b73ae35
[INFO] running `Command { std: "docker" "create" "-v" "/var/lib/crater-agent-workspace/builds/worker-7/target:/opt/rustwide/target:rw,Z" "-v" "/var/lib/crater-agent-workspace/builds/worker-7/source:/opt/rustwide/workdir:ro,Z" "-v" "/var/lib/crater-agent-workspace/cargo-home:/opt/rustwide/cargo-home:ro,Z" "-v" "/var/lib/crater-agent-workspace/rustup-home:/opt/rustwide/rustup-home:ro,Z" "-e" "SOURCE_DIR=/opt/rustwide/workdir" "-e" "CARGO_TARGET_DIR=/opt/rustwide/target" "-e" "CARGO_INCREMENTAL=0" "-e" "RUST_BACKTRACE=full" "-e" "RUSTFLAGS=--cap-lints=forbid" "-e" "CARGO_HOME=/opt/rustwide/cargo-home" "-e" "RUSTUP_HOME=/opt/rustwide/rustup-home" "-w" "/opt/rustwide/workdir" "-m" "1610612736" "--user" "0:0" "--network" "none" "ghcr.io/rust-lang/crates-build-env/linux@sha256:20528e8c29e4536546f0102ce88568b16ea7538393a33fcca951030f7af10457" "/opt/rustwide/cargo-home/bin/cargo" "+881c1ac408d93bb7adaa3a51dabab9266e82eee8" "build" "--frozen" "--message-format=json", kill_on_drop: false }`
[INFO] [stderr] WARNING: Your kernel does not support swap limit capabilities or the cgroup is not mounted. Memory limited without swap.
[INFO] [stdout] 062dc4965dcc9b36861d6c63382924621ea51ab238b8e9a00657fc8cefdeb5d3
[INFO] running `Command { std: "docker" "start" "-a" "062dc4965dcc9b36861d6c63382924621ea51ab238b8e9a00657fc8cefdeb5d3", kill_on_drop: false }`
[INFO] [stderr]    Compiling libc v0.2.78
[INFO] [stderr]    Compiling proc-macro2 v1.0.24
[INFO] [stderr]    Compiling log v0.4.11
[INFO] [stderr]    Compiling once_cell v1.4.1
[INFO] [stderr]    Compiling futures-core v0.3.5
[INFO] [stderr]    Compiling pin-project-lite v0.1.9
[INFO] [stderr]    Compiling futures-io v0.3.5
[INFO] [stderr]    Compiling pin-project-internal v0.4.24
[INFO] [stderr]    Compiling proc-macro-nested v0.1.6
[INFO] [stderr]    Compiling futures-sink v0.3.5
[INFO] [stderr]    Compiling spin v0.5.2
[INFO] [stderr]    Compiling untrusted v0.7.1
[INFO] [stderr]    Compiling cache-padded v1.1.1
[INFO] [stderr]    Compiling curl v0.4.33
[INFO] [stderr]    Compiling waker-fn v1.1.0
[INFO] [stderr]    Compiling fastrand v1.3.5
[INFO] [stderr]    Compiling parking v2.0.0
[INFO] [stderr]    Compiling gimli v0.23.0
[INFO] [stderr]    Compiling adler v0.2.3
[INFO] [stderr]    Compiling vec-arena v1.0.0
[INFO] [stderr]    Compiling object v0.22.0
[INFO] [stderr]    Compiling event-listener v2.5.1
[INFO] [stderr]    Compiling rustc-demangle v0.1.18
[INFO] [stderr]    Compiling rayon-core v1.9.0
[INFO] [stderr]    Compiling regex-syntax v0.6.21
[INFO] [stderr]    Compiling async-task v4.0.2
[INFO] [stderr]    Compiling atomic-waker v1.0.0
[INFO] [stderr]    Compiling either v1.6.1
[INFO] [stderr]    Compiling data-encoding v2.3.0
[INFO] [stderr]    Compiling http-types v2.5.0
[INFO] [stderr]    Compiling ndarray v0.13.1
[INFO] [stderr]    Compiling isahc v0.9.10
[INFO] [stderr]    Compiling protobuf v2.18.0
[INFO] [stderr]    Compiling rust_tokenizers v6.0.0
[INFO] [stderr]    Compiling number_prefix v0.3.0
[INFO] [stderr]    Compiling infer v0.2.3
[INFO] [stderr]    Compiling remove_dir_all v0.5.3
[INFO] [stderr]    Compiling half v1.6.0
[INFO] [stderr]    Compiling serenity v0.9.0-rc.2
[INFO] [stderr]    Compiling glob v0.3.0
[INFO] [stderr]    Compiling typemap_rev v0.1.3
[INFO] [stderr]    Compiling static_assertions v1.1.0
[INFO] [stderr]    Compiling dotenv v0.15.0
[INFO] [stderr]    Compiling generic-array v0.14.4
[INFO] [stderr]    Compiling openssl-sys v0.9.58
[INFO] [stderr]    Compiling libnghttp2-sys v0.1.4+1.41.0
[INFO] [stderr]    Compiling ring v0.16.15
[INFO] [stderr]    Compiling libz-sys v1.1.2
[INFO] [stderr]    Compiling curl-sys v0.4.36+curl-7.71.1
[INFO] [stderr]    Compiling bzip2-sys v0.1.9+1.0.8
[INFO] [stderr]    Compiling num-traits v0.2.12
[INFO] [stderr]    Compiling miniz_oxide v0.4.2
[INFO] [stderr]    Compiling crossbeam-utils v0.8.0
[INFO] [stderr]    Compiling standback v0.2.10
[INFO] [stderr]    Compiling crossbeam-utils v0.7.2
[INFO] [stderr]    Compiling memoffset v0.5.6
[INFO] [stderr]    Compiling num-integer v0.1.43
[INFO] [stderr]    Compiling time v0.2.22
[INFO] [stderr]    Compiling cmake v0.1.44
[INFO] [stderr]    Compiling cookie v0.14.2
[INFO] [stderr]    Compiling num-complex v0.2.4
[INFO] [stderr]    Compiling rayon v1.5.0
[INFO] [stderr]    Compiling input_buffer v0.3.1
[INFO] [stderr]    Compiling concurrent-queue v1.2.2
[INFO] [stderr]    Compiling futures-channel v0.3.5
[INFO] [stderr]    Compiling futures-task v0.3.5
[INFO] [stderr]    Compiling async-mutex v1.4.0
[INFO] [stderr]    Compiling itertools v0.9.0
[INFO] [stderr]    Compiling unicode-normalization-alignments v0.1.12
[INFO] [stderr]    Compiling idna v0.2.0
[INFO] [stderr]    Compiling crc32fast v1.2.0
[INFO] [stderr]    Compiling encoding_rs v0.8.24
[INFO] [stderr]    Compiling futures-lite v1.8.0
[INFO] [stderr]    Compiling aho-corasick v0.7.15
[INFO] [stderr]    Compiling csv-core v0.1.10
[INFO] [stderr]    Compiling indexmap v1.6.0
[INFO] [stderr]    Compiling async-channel v1.4.2
[INFO] [stderr]    Compiling regex-automata v0.1.9
[INFO] [stderr]    Compiling openssl v0.10.30
[INFO] [stderr]    Compiling native-tls v0.2.6
[INFO] [stderr]    Compiling want v0.3.0
[INFO] [stderr]    Compiling kv-log-macro v1.0.7
[INFO] [stderr]    Compiling num_cpus v1.13.0
[INFO] [stderr]    Compiling iovec v0.1.4
[INFO] [stderr]    Compiling net2 v0.2.35
[INFO] [stderr]    Compiling socket2 v0.3.15
[INFO] [stderr]    Compiling getrandom v0.1.15
[INFO] [stderr]    Compiling signal-hook-registry v1.2.1
[INFO] [stderr]    Compiling time v0.1.44
[INFO] [stderr]    Compiling flate2 v1.0.14
[INFO] [stderr]    Compiling polling v1.1.0
[INFO] [stderr]    Compiling nb-connect v1.0.1
[INFO] [stderr]    Compiling terminal_size v0.1.13
[INFO] [stderr]    Compiling xattr v0.2.2
[INFO] [stderr]    Compiling filetime v0.2.13
[INFO] [stderr]    Compiling dirs-sys v0.3.5
[INFO] [stderr]    Compiling fs2 v0.4.3
[INFO] [stderr]    Compiling addr2line v0.14.0
[INFO] [stderr]    Compiling quote v1.0.7
[INFO] [stderr]    Compiling digest v0.9.0
[INFO] [stderr]    Compiling block-buffer v0.9.0
[INFO] [stderr]    Compiling universal-hash v0.4.0
[INFO] [stderr]    Compiling block-cipher v0.7.1
[INFO] [stderr]    Compiling crypto-mac v0.8.0
[INFO] [stderr]    Compiling aead v0.3.2
[INFO] [stderr]    Compiling async-executor v1.3.0
[INFO] [stderr]    Compiling blocking v1.0.0
[INFO] [stderr]    Compiling regex v1.4.2
[INFO] [stderr]    Compiling crossbeam-epoch v0.9.0
[INFO] [stderr]    Compiling crossbeam-channel v0.5.0
[INFO] [stderr]    Compiling crossbeam-channel v0.4.4
[INFO] [stderr]    Compiling mio v0.6.22
[INFO] [stderr]    Compiling rand_core v0.5.1
[INFO] [stderr]    Compiling ordered-float v2.0.0
[INFO] [stderr]    Compiling bzip2 v0.3.3
[INFO] [stderr]    Compiling async-io v1.1.6
[INFO] [stderr]    Compiling tar v0.4.30
[INFO] [stderr]    Compiling dirs v3.0.1
[INFO] [stderr]    Compiling backtrace v0.3.54
[INFO] [stderr]    Compiling polyval v0.4.1
[INFO] [stderr]    Compiling sha2 v0.9.1
[INFO] [stderr]    Compiling sha-1 v0.9.1
[INFO] [stderr]    Compiling aes-soft v0.4.0
[INFO] [stderr]    Compiling hmac v0.8.1
[INFO] [stderr]    Compiling syn v1.0.48
[INFO] [stderr]    Compiling rand_chacha v0.2.2
[INFO] [stderr]    Compiling crossbeam-deque v0.8.0
[INFO] [stderr]    Compiling mio-uds v0.6.8
[INFO] [stderr]    Compiling ghash v0.3.0
[INFO] [stderr]    Compiling async-global-executor v1.3.0
[INFO] [stderr]    Compiling hkdf v0.9.0
[INFO] [stderr]    Compiling aes v0.4.0
[INFO] [stderr]    Compiling console v0.13.0
[INFO] [stderr]    Compiling rand v0.7.3
[INFO] [stderr]    Compiling webpki v0.21.3
[INFO] [stderr]    Compiling sct v0.6.0
[INFO] [stderr]    Compiling aes-gcm v0.6.0
[INFO] [stderr]    Compiling async-std v1.6.5
[INFO] [stderr]    Compiling webpki-roots v0.19.0
[INFO] [stderr]    Compiling webpki-roots v0.20.0
[INFO] [stderr]    Compiling indicatif v0.15.0
[INFO] [stderr]    Compiling rustls v0.18.1
[INFO] [stderr]    Compiling tempfile v3.1.0
[INFO] [stderr]    Compiling uuid v0.8.1
[INFO] [stderr]    Compiling synstructure v0.12.4
[INFO] [stderr]    Compiling serde_derive v1.0.117
[INFO] [stderr]    Compiling futures-macro v0.3.5
[INFO] [stderr]    Compiling thiserror-impl v1.0.22
[INFO] [stderr]    Compiling tracing-attributes v0.1.11
[INFO] [stderr]    Compiling tokio-macros v0.2.5
[INFO] [stderr]    Compiling failure_derive v0.1.8
[INFO] [stderr]    Compiling time-macros-impl v0.1.1
[INFO] [stderr]    Compiling async-trait v0.1.40
[INFO] [stderr]    Compiling command_attr v0.3.0-rc.2
[INFO] [stderr]    Compiling tokio v0.2.22
[INFO] [stderr]    Compiling time-macros v0.1.1
[INFO] [stderr]    Compiling failure v0.1.8
[INFO] [stderr]    Compiling thiserror v1.0.22
[INFO] [stderr]    Compiling zip v0.5.8
[INFO] [stderr]    Compiling tracing v0.1.21
[INFO] [stderr]    Compiling pin-project v0.4.24
[INFO] [stderr]    Compiling futures-util v0.3.5
[INFO] [stderr]    Compiling zip-extensions v0.5.0
[INFO] [stderr]    Compiling tracing-futures v0.2.4
[INFO] [stderr]    Compiling torch-sys v0.2.1
[INFO] [stderr]    Compiling serde v1.0.117
[INFO] [stderr]    Compiling tokio-util v0.3.1
[INFO] [stderr]    Compiling tokio-rustls v0.14.1
[INFO] [stderr]    Compiling tokio-tls v0.3.1
[INFO] [stderr] error: failed to run custom build command for `torch-sys v0.2.1`
[INFO] [stderr] 
[INFO] [stderr] Caused by:
[INFO] [stderr]   process didn't exit successfully: `/opt/rustwide/target/debug/build/torch-sys-f7fd172bc3dc40b1/build-script-build` (exit status: 101)
[INFO] [stderr]   --- stdout
[INFO] [stderr]   cargo:rerun-if-env-changed=TORCH_CUDA_VERSION
[INFO] [stderr]   cargo:rerun-if-env-changed=LIBTORCH
[INFO] [stderr] 
[INFO] [stderr]   --- stderr
[INFO] [stderr]   thread 'main' panicked at 'called `Result::unwrap()` on an `Err` value: Error { description: "Couldn't resolve host name", code: 6, extra: None }
[INFO] [stderr] 
[INFO] [stderr]      0: failure::backtrace::internal::InternalBacktrace::new
[INFO] [stderr]                at /opt/rustwide/cargo-home/registry/src/github.com-1ecc6299db9ec823/failure-0.1.8/src/backtrace/internal.rs:46:44
[INFO] [stderr]      1: failure::backtrace::Backtrace::new
[INFO] [stderr]                at /opt/rustwide/cargo-home/registry/src/github.com-1ecc6299db9ec823/failure-0.1.8/src/backtrace/mod.rs:121:35
[INFO] [stderr]      2: <failure::error::error_impl::ErrorImpl as core::convert::From<F>>::from
[INFO] [stderr]                at /opt/rustwide/cargo-home/registry/src/github.com-1ecc6299db9ec823/failure-0.1.8/src/error/error_impl.rs:19:17
[INFO] [stderr]      3: <failure::error::Error as core::convert::From<F>>::from
[INFO] [stderr]                at /opt/rustwide/cargo-home/registry/src/github.com-1ecc6299db9ec823/failure-0.1.8/src/error/mod.rs:36:18
[INFO] [stderr]      4: build_script_build::download
[INFO] [stderr]                at build.rs:30:19
[INFO] [stderr]      5: build_script_build::prepare_libtorch_dir
[INFO] [stderr]                at build.rs:130:13
[INFO] [stderr]      6: build_script_build::main
[INFO] [stderr]                at build.rs:202:24
[INFO] [stderr]      7: core::ops::function::FnOnce::call_once
[INFO] [stderr]                at /rustc/881c1ac408d93bb7adaa3a51dabab9266e82eee8/library/core/src/ops/function.rs:227:5
[INFO] [stderr]      8: std::sys_common::backtrace::__rust_begin_short_backtrace
[INFO] [stderr]                at /rustc/881c1ac408d93bb7adaa3a51dabab9266e82eee8/library/std/src/sys_common/backtrace.rs:125:18
[INFO] [stderr]      9: std::rt::lang_start::{{closure}}
[INFO] [stderr]                at /rustc/881c1ac408d93bb7adaa3a51dabab9266e82eee8/library/std/src/rt.rs:49:18
[INFO] [stderr]     10: core::ops::function::impls::<impl core::ops::function::FnOnce<A> for &F>::call_once
[INFO] [stderr]                at /rustc/881c1ac408d93bb7adaa3a51dabab9266e82eee8/library/core/src/ops/function.rs:259:13
[INFO] [stderr]         std::panicking::try::do_call
[INFO] [stderr]                at /rustc/881c1ac408d93bb7adaa3a51dabab9266e82eee8/library/std/src/panicking.rs:379:40
[INFO] [stderr]         std::panicking::try
[INFO] [stderr]                at /rustc/881c1ac408d93bb7adaa3a51dabab9266e82eee8/library/std/src/panicking.rs:343:19
[INFO] [stderr]         std::panic::catch_unwind
[INFO] [stderr]                at /rustc/881c1ac408d93bb7adaa3a51dabab9266e82eee8/library/std/src/panic.rs:431:14
[INFO] [stderr]         std::rt::lang_start_internal
[INFO] [stderr]                at /rustc/881c1ac408d93bb7adaa3a51dabab9266e82eee8/library/std/src/rt.rs:34:21
[INFO] [stderr]     11: std::rt::lang_start
[INFO] [stderr]                at /rustc/881c1ac408d93bb7adaa3a51dabab9266e82eee8/library/std/src/rt.rs:48:5
[INFO] [stderr]     12: main
[INFO] [stderr]     13: __libc_start_main
[INFO] [stderr]     14: _start
[INFO] [stderr]   ', /opt/rustwide/cargo-home/registry/src/github.com-1ecc6299db9ec823/torch-sys-0.2.1/build.rs:130:48
[INFO] [stderr]   stack backtrace:
[INFO] [stderr]      0:     0x561471edf580 - std::backtrace_rs::backtrace::libunwind::trace::hdcf4f90f85129e83
[INFO] [stderr]                                  at /rustc/881c1ac408d93bb7adaa3a51dabab9266e82eee8/library/std/src/../../backtrace/src/backtrace/libunwind.rs:90:5
[INFO] [stderr]      1:     0x561471edf580 - std::backtrace_rs::backtrace::trace_unsynchronized::h2669e30cb82f6732
[INFO] [stderr]                                  at /rustc/881c1ac408d93bb7adaa3a51dabab9266e82eee8/library/std/src/../../backtrace/src/backtrace/mod.rs:66:5
[INFO] [stderr]      2:     0x561471edf580 - std::sys_common::backtrace::_print_fmt::hfbda19e17f6db318
[INFO] [stderr]                                  at /rustc/881c1ac408d93bb7adaa3a51dabab9266e82eee8/library/std/src/sys_common/backtrace.rs:67:5
[INFO] [stderr]      3:     0x561471edf580 - <std::sys_common::backtrace::_print::DisplayBacktrace as core::fmt::Display>::fmt::h1a8751bf59281272
[INFO] [stderr]                                  at /rustc/881c1ac408d93bb7adaa3a51dabab9266e82eee8/library/std/src/sys_common/backtrace.rs:46:22
[INFO] [stderr]      4:     0x561471f00cbf - core::fmt::write::h7aa6cd0067dca82a
[INFO] [stderr]                                  at /rustc/881c1ac408d93bb7adaa3a51dabab9266e82eee8/library/core/src/fmt/mod.rs:1094:17
[INFO] [stderr]      5:     0x561471edbbe5 - std::io::Write::write_fmt::hd7dd3a1df9b6befb
[INFO] [stderr]                                  at /rustc/881c1ac408d93bb7adaa3a51dabab9266e82eee8/library/std/src/io/mod.rs:1584:15
[INFO] [stderr]      6:     0x561471ee1bcb - std::sys_common::backtrace::_print::h551e9ec8a9fa8106
[INFO] [stderr]                                  at /rustc/881c1ac408d93bb7adaa3a51dabab9266e82eee8/library/std/src/sys_common/backtrace.rs:49:5
[INFO] [stderr]      7:     0x561471ee1bcb - std::sys_common::backtrace::print::ha4b1c5e95fa040b3
[INFO] [stderr]                                  at /rustc/881c1ac408d93bb7adaa3a51dabab9266e82eee8/library/std/src/sys_common/backtrace.rs:36:9
[INFO] [stderr]      8:     0x561471ee1bcb - std::panicking::default_hook::{{closure}}::h0b34c9ab7fb9f857
[INFO] [stderr]                                  at /rustc/881c1ac408d93bb7adaa3a51dabab9266e82eee8/library/std/src/panicking.rs:208:50
[INFO] [stderr]      9:     0x561471ee16ad - std::panicking::default_hook::h3067e8318decd17a
[INFO] [stderr]                                  at /rustc/881c1ac408d93bb7adaa3a51dabab9266e82eee8/library/std/src/panicking.rs:225:9
[INFO] [stderr]     10:     0x561471ee217d - std::panicking::rust_panic_with_hook::h81b8facc50f34daa
[INFO] [stderr]                                  at /rustc/881c1ac408d93bb7adaa3a51dabab9266e82eee8/library/std/src/panicking.rs:591:17
[INFO] [stderr]     11:     0x561471ee1d77 - std::panicking::begin_panic_handler::{{closure}}::ha376ab85d95a000e
[INFO] [stderr]                                  at /rustc/881c1ac408d93bb7adaa3a51dabab9266e82eee8/library/std/src/panicking.rs:497:13
[INFO] [stderr]     12:     0x561471edfa3c - std::sys_common::backtrace::__rust_end_short_backtrace::h6795c8afdd1a77e6
[INFO] [stderr]                                  at /rustc/881c1ac408d93bb7adaa3a51dabab9266e82eee8/library/std/src/sys_common/backtrace.rs:141:18
[INFO] [stderr]     13:     0x561471ee1cd9 - rust_begin_unwind
[INFO] [stderr]                                  at /rustc/881c1ac408d93bb7adaa3a51dabab9266e82eee8/library/std/src/panicking.rs:493:5
[INFO] [stderr]     14:     0x561471cad8c1 - core::panicking::panic_fmt::hbe99dddd3092ba3c
[INFO] [stderr]                                  at /rustc/881c1ac408d93bb7adaa3a51dabab9266e82eee8/library/core/src/panicking.rs:92:14
[INFO] [stderr]     15:     0x561471cad953 - core::result::unwrap_failed::hf79563fef9d11ab8
[INFO] [stderr]                                  at /rustc/881c1ac408d93bb7adaa3a51dabab9266e82eee8/library/core/src/result.rs:1355:5
[INFO] [stderr]     16:     0x561471cc30e0 - core::result::Result<T,E>::unwrap::h848063cb9ec3060e
[INFO] [stderr]                                  at /rustc/881c1ac408d93bb7adaa3a51dabab9266e82eee8/library/core/src/result.rs:1037:23
[INFO] [stderr]     17:     0x561471cb9820 - build_script_build::prepare_libtorch_dir::hc3b451754222deb0
[INFO] [stderr]                                  at /opt/rustwide/cargo-home/registry/src/github.com-1ecc6299db9ec823/torch-sys-0.2.1/build.rs:130:13
[INFO] [stderr]     18:     0x561471cbabf4 - build_script_build::main::ha2b239abf11c9e3c
[INFO] [stderr]                                  at /opt/rustwide/cargo-home/registry/src/github.com-1ecc6299db9ec823/torch-sys-0.2.1/build.rs:202:24
[INFO] [stderr]     19:     0x561471cc08eb - core::ops::function::FnOnce::call_once::hb21672a1bdba1c00
[INFO] [stderr]                                  at /rustc/881c1ac408d93bb7adaa3a51dabab9266e82eee8/library/core/src/ops/function.rs:227:5
[INFO] [stderr]     20:     0x561471cc022e - std::sys_common::backtrace::__rust_begin_short_backtrace::h3adb7791a376908c
[INFO] [stderr]                                  at /rustc/881c1ac408d93bb7adaa3a51dabab9266e82eee8/library/std/src/sys_common/backtrace.rs:125:18
[INFO] [stderr]     21:     0x561471cb13a1 - std::rt::lang_start::{{closure}}::h1c992fd99f0214c5
[INFO] [stderr]                                  at /rustc/881c1ac408d93bb7adaa3a51dabab9266e82eee8/library/std/src/rt.rs:49:18
[INFO] [stderr]     22:     0x561471ee267a - core::ops::function::impls::<impl core::ops::function::FnOnce<A> for &F>::call_once::h3b8c329143d7638a
[INFO] [stderr]                                  at /rustc/881c1ac408d93bb7adaa3a51dabab9266e82eee8/library/core/src/ops/function.rs:259:13
[INFO] [stderr]     23:     0x561471ee267a - std::panicking::try::do_call::h4b72c261b4eefc1b
[INFO] [stderr]                                  at /rustc/881c1ac408d93bb7adaa3a51dabab9266e82eee8/library/std/src/panicking.rs:379:40
[INFO] [stderr]     24:     0x561471ee267a - std::panicking::try::h703d31b7896cbd49
[INFO] [stderr]                                  at /rustc/881c1ac408d93bb7adaa3a51dabab9266e82eee8/library/std/src/panicking.rs:343:19
[INFO] [stderr]     25:     0x561471ee267a - std::panic::catch_unwind::h37cad9b35388a915
[INFO] [stderr]                                  at /rustc/881c1ac408d93bb7adaa3a51dabab9266e82eee8/library/std/src/panic.rs:431:14
[INFO] [stderr]     26:     0x561471ee267a - std::rt::lang_start_internal::hab5a8a909af4f90e
[INFO] [stderr]                                  at /rustc/881c1ac408d93bb7adaa3a51dabab9266e82eee8/library/std/src/rt.rs:34:21
[INFO] [stderr]     27:     0x561471cb1380 - std::rt::lang_start::ha1614ea3deebcc6b
[INFO] [stderr]                                  at /rustc/881c1ac408d93bb7adaa3a51dabab9266e82eee8/library/std/src/rt.rs:48:5
[INFO] [stderr]     28:     0x561471cbb7cc - main
[INFO] [stderr]     29:     0x7f5963d940b3 - __libc_start_main
[INFO] [stderr]     30:     0x561471cadfee - _start
[INFO] [stderr]     31:                0x0 - <unknown>
[INFO] [stderr] warning: build failed, waiting for other jobs to finish...
[INFO] [stderr] error: build failed
[INFO] running `Command { std: "docker" "inspect" "062dc4965dcc9b36861d6c63382924621ea51ab238b8e9a00657fc8cefdeb5d3", kill_on_drop: false }`
[INFO] running `Command { std: "docker" "rm" "-f" "062dc4965dcc9b36861d6c63382924621ea51ab238b8e9a00657fc8cefdeb5d3", kill_on_drop: false }`
[INFO] [stdout] 062dc4965dcc9b36861d6c63382924621ea51ab238b8e9a00657fc8cefdeb5d3
